 Suppose -3*n - 4*h + z = 19, 5*h + 32 = n. What is the highest common divisor of a and n?
27
Let j(c) = c**3 + 2*c**2 - c + 1. Let p be j(3). Let u = 81 - p. Calculate the greatest common divisor of u and 418.
38
Suppose 2*p - 22 + 564 = 3*h, -2*h - 2*p = -358. Calculate the highest common divisor of h and 72.
36
Let s be (-2*3)/(1 - 2). Let p(h) = h. Let r(k) = -5*k - 8. Let t(x) = -2*p(x) - r(x). Let o be t(s). Calculate the greatest common divisor of o and 52.
26
Let q be 299/5 - (-3)/15. Suppose -2*k + q = -4. Suppose 3 = r, -n + 4*n + 4*r - 60 = 0. Calculate the greatest common divisor of n and k.
16
Let j be ((-10)/(-3))/(28/294). Calculate the greatest common divisor of j and 28.
7
Let s be (-2)/14*-6991 - (-180)/630. Calculate the greatest common divisor of 222 and s.
111
Let u(c) = 41*c**2 - 15*c + 4. Let r be u(3). Calculate the greatest common factor of r and 41.
41
Suppose -9*j = -14*j + 495. What is the greatest common divisor of 27 and j?
9
Suppose -t = -8*t + 455. Calculate the highest common factor of t and 845.
65
Let c = -1397 + 5597. Calculate the greatest common divisor of c and 168.
168
Let r = 313 + -243. Calculate the highest common divisor of r and 98.
14
Let x be (-3)/(-1) + 0/(-4). Let s = 13 + x. Let j be 11/(44/(-16))*-1. Calculate the highest common divisor of j and s.
4
Suppose -4*a + 3*i = -129, -2*a - 20 + 86 = -2*i. Let f = a + 26. Calculate the greatest common divisor of f and 14.
14
Suppose 0 = l + 2*g - 74, 2*l - 5*g = 74 + 38. Let i(y) = -53*y - 895. Let o be i(-17). Calculate the greatest common divisor of l and o.
6
Let o(d) = d**3 - 7*d + 9. Let g be o(2). Suppose -3*q + 2*a = -152, -g*a = -4*q - 4*a + 188. What is the greatest common divisor of q and 36?
12
Suppose 6*u - 11*u = 380. Let g = 142 + u. Calculate the greatest common divisor of 44 and g.
22
Let x = -182 + 184. What is the greatest common divisor of x and 18?
2
Suppose -5*y = -4*p - 220, -5*y = -2*p - 99 - 111. Let v be -9*(1/(-1) + 0). Suppose v = u - 11. What is the highest common factor of u and y?
20
Let f = 105 - 49. Let u be (67*(-2)/(-1))/2. Let r = 151 - u. What is the greatest common factor of r and f?
28
Let g = -20 - -40. Let o(u) = u**3 - 16*u**2 - 13*u - 8. Let h = 6 + 11. Let w be o(h). What is the highest common divisor of w and g?
20
Suppose 4*x = 4*k + 356, 3*x = 3*k - 6*k + 273. What is the greatest common divisor of 210 and x?
30
Let h(m) = m**3 - 7*m**2 - 7*m + 8. Let w be h(7). Let n = -29 - w. What is the greatest common divisor of 84 and n?
12
Suppose 3*d - 44 = -d. Let l be (-17)/(102/(-540)) - -1. Let i = l - 80. What is the highest common divisor of i and d?
11
Suppose -m + 5*f + 1116 = 0, 10*m - 5496 = 5*m + 4*f. Calculate the greatest common divisor of 137 and m.
137
Let c = 1319 - 1043. What is the greatest common factor of 36 and c?
12
Suppose -2010 + 8058 = 24*m. What is the greatest common divisor of 28 and m?
28
Suppose 3*a = 5*o + 89, o - 29 = -a + 14. What is the greatest common divisor of a and 171?
19
Let l(m) = -m - 10. Let r be l(-11). Let w(z) = 10*z**3 - 2*z**2 - z + 2. Let p be w(r). Calculate the highest common divisor of p and 99.
9
Let w(a) = a**2 + 9*a + 4. Let u be w(-5). Let s be (-36)/u - 6/(-8). Let k be (-3 - -2) + 27 - s. What is the greatest common divisor of k and 23?
23
Let v = 662 - 366. Calculate the highest common divisor of 37 and v.
37
Suppose -2*u - 26 = i - 3*i, 2*i - 8 = -4*u. What is the greatest common factor of i and 230?
10
Suppose 0 = -5*t - 3*x - 528, 3*t + 189 + 147 = 3*x. Let k be ((-1)/2)/(3/t). Suppose 691 - 241 = 10*a. What is the highest common divisor of k and a?
9
Suppose 0 = -70*b + 83*b - 520. What is the highest common factor of b and 980?
20
Suppose g - 2*g = 4*z - 162, 202 = 5*z + g. Suppose 5*y = 3*n + n + 152, -z = -y + 4*n. Calculate the highest common divisor of 70 and y.
14
Let q be ((-1408)/(-24))/11 + 2/3. Calculate the highest common factor of q and 27.
3
Suppose -486 = -6*n + 3*n. Suppose -521 = -w + 237. Suppose -n = -4*u + w. What is the greatest common factor of u and 23?
23
Let i be ((-3)/3)/((-2)/130). Let p be 2 - (-2 - -1 - 0). Suppose -p*u = 14 - 53. What is the highest common divisor of u and i?
13
Let l be 3/(3/(-2)) + 26. Suppose -4*u + 58 = -2*u. Suppose -2*f + 5*t = -7 - u, 0 = -2*t - 8. What is the greatest common factor of f and l?
8
Let i be -4 - (-1 + 2)*-13. Let l(o) = o**3 - 14*o**2 - 31*o - 13. Let x be l(16). Calculate the greatest common factor of x and i.
3
Let x be 21 + 50 - (-20 - -6). Let a be 0 - (-3 + 2) - -16. What is the greatest common factor of x and a?
17
Suppose 20 = 5*k - k. Suppose 4*j - k - 3 = 0. Suppose 4 = -y - 4*v + 11, 14 = j*y + 4*v. What is the highest common factor of y and 35?
7
Suppose -l + 16 = 3*v, -4*l = -l - 4*v - 48. Let b be (-1687)/21 - 1/(-3). Let q = b + 192. What is the greatest common factor of q and l?
16
Let k = -73 - -181. Let j = k - 36. Calculate the highest common divisor of j and 9.
9
Let v be (2 + -3)*-2 + 2 + -4. Suppose -6*p + 5*p + 8 = v. Calculate the greatest common factor of 20 and p.
4
Let f = -19 + 33. Let i = 14 - f. Suppose -4*h - h = -20, -3*n - 3*h + 33 = i. Calculate the highest common divisor of 7 and n.
7
Suppose -124 = -5*x - 4. Calculate the greatest common divisor of x and 112.
8
Let r(m) = m**2 + 3*m - 6. Let b be r(-6). Suppose 0 = 2*x - b*x + 2420. Calculate the greatest common divisor of x and 22.
22
Let c = -6 + 20. What is the highest common divisor of c and 266?
14
Let k(r) = r**3 - 6*r**2 + 5*r + 3. Let f be k(5). Let s be 115 + f/(9/6). What is the highest common divisor of 13 and s?
13
Suppose 4*d + 384 = 4*q, -7*d = -2*q - 2*d + 183. What is the highest common divisor of q and 396?
99
Let v = 1 + 3. Suppose 0 = -0*g + v*g + 24. Let h be g/2 + 3 + 4. Calculate the greatest common factor of 20 and h.
4
Let z = 21 - 15. Suppose 3*n = z, 7*o = 2*o - n + 17. Let a(p) = 5*p**2 - p - 2. Let m be a(o). Calculate the highest common divisor of m and 100.
20
Let w be 0/((-35)/5) - -30. Calculate the highest common divisor of 20 and w.
10
Let k = -50 - -67. What is the highest common factor of k and 17?
17
Let x be 0*3/6 - -7. Let a be 8/14 + 3/x. What is the highest common factor of 5 and a?
1
Let r(b) = -4*b**3 + b. Let m be r(-1). Let z(n) = 9*n + 7 + 8*n**2 - 4 + n**m + 4. Let i be z(-6). What is the greatest common factor of i and 5?
5
Let w be (-11)/55 - (-696)/30. What is the highest common divisor of 667 and w?
23
Let u be -4*4/(-16) + 2. Let j(x) = x**2 + x. Let a be j(-5). Suppose 5*l - 44 - a = t, -2*t + 52 = 5*l. What is the greatest common factor of u and l?
3
Let c be -5*((-144)/15)/4. Let y(n) = -4*n - 56. Let q be y(-20). Calculate the highest common factor of q and c.
12
Suppose -a - 3*a = -0*a. Suppose t + t - 308 = a. What is the highest common divisor of 14 and t?
14
Suppose -3*w + 476 = 4*n, -w + 706 = 5*n + 111. Suppose q - 134 = 2*x, 0 = -q + 4*x + x + n. Calculate the greatest common divisor of q and 16.
16
Let m be (1 - 54/10)*-5. Suppose -u = 4*b + 526, -516 = b + 3*b - 4*u. Let f be b/(-4) + 9/36. What is the greatest common factor of m and f?
11
Let y = 441 + -431. What is the highest common factor of y and 20?
10
Suppose 5*c = -3*l + 672, 3*l + 252 = 2*c - 0*c. Suppose -n + 5*n = c. Let s(f) = -17*f - 12. Let v be s(-2). What is the greatest common divisor of v and n?
11
Let j = -73 + 86. Suppose 0 = -2*m + 3*p + 35, -5*p + 34 = 4*m - 3. Calculate the highest common divisor of j and m.
13
Let y(x) = -2*x**3 - 2*x - 2. Let h be y(-1). Suppose 3*w + h*t + 1 = 8*w, 0 = -3*w - 2*t + 7. What is the greatest common divisor of w and 9?
1
Let h(p) = p**3 - 7*p**2 + p - 3. Let w be h(7). Let j = -3 - -7. Let k be 8/j*2/w. Calculate the greatest common factor of k and 9.
1
Let g(d) = 34*d - 4. Let r(s) = s**2 + 25*s + 25. Let l be r(-24). Let x be g(l). What is the highest common factor of x and 6?
6
Let z be -3*(-8)/12*(-120)/(-16). What is the greatest common factor of z and 21?
3
Let n(g) = g**2 + 8*g + 2. Let k be n(-7). Let f = 9 + k. Suppose -f*s = -0*s - 36. Calculate the highest common divisor of s and 27.
9
Let q = 3 + 0. Let n(m) = m**3 + 12*m**2 + 21*m + 25. Let j be n(-10). What is the greatest common divisor of j and q?
3
Let r be (28